Is 6666 a multiple of 11?
True
Does 7 divide 1999?
False
Is 25 a factor of 505?
False
Does 12 divide 3117?
False
Does 57 divide 12369?
True
Is 298 a multiple of 44?
False
Is 30 a factor of 15360?
True
Is 3 a factor of 237?
True
Is 95 a multiple of 39?
False
Does 8 divide 62544?
True
Does 50 divide 10314?
False
Is 70 a factor of 52168?
False
Is 29 a factor of 87?
True
Does 22 divide 264?
True
Does 15 divide 645?
True
Is 15333 a multiple of 19?
True
Is 48 a factor of 18775?
False
Does 258 divide 13021?
False
Does 17 divide 817?
False
Does 9 divide 13104?
True
Does 6 divide 43?
False
Does 8 divide 1260?
False
Is 11340 a multiple of 45?
True
Does 80 divide 30833?
False
Does 27 divide 26190?
True
Is 47 a factor of 3196?
True
Is 119 a factor of 47600?
True
Is 23 a factor of 3570?
False
Does 29 divide 1334?
True
Does 2 divide 85?
False
Is 11 a factor of 4472?
False
Is 2826 a multiple of 38?
False
Is 4 a factor of 19?
False
Is 39 a factor of 927?
False
Is 5901 a multiple of 27?
False
Does 17 divide 106063?
True
Does 13 divide 16848?
True
Is 11528 a multiple of 44?
True
Is 259 a factor of 28231?
True
Is 150 a multiple of 3?
True
Is 20223 a multiple of 63?
True
Is 386 a multiple of 10?
False
Is 98725 a multiple of 275?
True
Is 3 a factor of 90?
True
Is 362 a multiple of 10?
False
Is 55 a factor of 1980?
True
Does 39 divide 1716?
True
Is 97 a factor of 216?
False
Is 7032 a multiple of 22?
False
Does 40 divide 88880?
True
Is 28354 a multiple of 11?
False
Is 547 a multiple of 8?
False
Does 9 divide 877?
False
Is 157 a multiple of 12?
False
Is 5 a factor of 200?
True
Does 5 divide 207?
False
Does 48 divide 46493?
False
Does 173 divide 1526?
False
Is 11078 a multiple of 58?
True
Does 39 divide 10296?
True
Is 104 a factor of 14040?
True
Is 573 a multiple of 15?
False
Does 108 divide 540?
True
Is 2074 a multiple of 8?
False
Is 462 a multiple of 22?
True
Is 4 a factor of 18?
False
Is 686 a multiple of 14?
True
Does 6 divide 102?
True
Does 7 divide 2252?
False
Does 136 divide 5712?
True
Is 37 a factor of 4607?
False
Is 25 a factor of 450?
True
Is 10598 a multiple of 49?
False
Is 20 a factor of 4100?
True
Does 38 divide 3154?
True
Is 103 a factor of 11639?
True
Is 2079 a multiple of 49?
False
Is 194 a multiple of 6?
False
Is 1682 a multiple of 11?
False
Does 37 divide 618?
False
Is 335 a factor of 45841?
False
Does 16 divide 33703?
False
Does 25 divide 15575?
True
Does 24 divide 12782?
False
Is 504 a multiple of 21?
True
Is 67286 a multiple of 17?
True
Does 5 divide 295?
True
Is 45125 a multiple of 289?
False
Does 381 divide 92964?
True
Does 3 divide 2778?
True
Does 4 divide 8882?
False
Is 9 a factor of 12387?
False
Is 101663 a multiple of 17?
False
Is 41 a factor of 6922?
False
Is 556 a multiple of 12?
False
Does 16 divide 192?
True
Is 12 a factor of 3235?
False
Is 12 a factor of 38244?
True
Is 9882 a multiple of 27?
True
Is 12 a factor of 6424?
False
Is 153 a factor of 28305?
True
Does 5 divide 15?
True
Does 49 divide 98?
True
Is 120 a factor of 4800?
True
Is 27 a factor of 135?
True
Is 22 a factor of 902?
True
Does 7 divide 8?
False
Does 47 divide 1927?
True
Is 563 a multiple of 30?
False
Does 7 divide 109?
False
Does 206 divide 14672?
False
Is 91 a factor of 1092?
True
Is 13 a factor of 728?
True
Is 21 a factor of 1967?
False
Is 14 a factor of 1303?
False
Is 420 a multiple of 12?
True
Is 5 a factor of 3463?
False
Is 19 a factor of 686?
False
Is 17 a factor of 187?
True
Is 97 a factor of 33141?
False
Is 274 a factor of 25208?
True
Is 6589 a multiple of 11?
True
Is 14765 a multiple of 39?
False
Does 9 divide 1800?
True
Does 13 divide 98?
False
Is 3996 a multiple of 36?
True
Is 13782 a multiple of 23?
False
Does 8 divide 38536?
True
Does 19 divide 9956?
True
Is 8 a factor of 454?
False
Is 5 a factor of 12578?
False
Does 7 divide 2262?
False
Does 18 divide 4950?
True
Is 34 a factor of 4071?
False
Is 25487 a multiple of 13?
False
Is 54 a factor of 50058?
True
Is 8 a factor of 15274?
False
Is 41 a factor of 205?
True
Is 14343 a multiple of 63?
False
Is 6510 a multiple of 15?
True
Does 7 divide 2109?
False
Is 8540 a multiple of 7?
True
Is 1215 a multiple of 127?
False
Is 86 a factor of 7273?
False
Does 17 divide 5281?
False
Is 6058 a multiple of 13?
True
Does 44 divide 748?
True
Is 12308 a multiple of 11?
False
Is 17040 a multiple of 40?
True
Is 29 a factor of 725?
True
Is 317 a multiple of 6?
False
Is 6836 a multiple of 17?
False
Is 7 a factor of 27150?
False
Does 30 divide 474?
False
Does 302 divide 21133?
False
Does 261 divide 40194?
True
Does 3 divide 199?
False
Does 8 divide 1296?
True
Is 29 a factor of 261?
True
Is 53 a factor of 612?
False
Does 3 divide 344?
False
Does 37 divide 15466?
True
Is 6669 a multiple of 47?
False
Is 17 a factor of 2850?
False
Does 41 divide 1640?
True
Does 17 divide 52683?
True
Is 6295 a multiple of 16?
False
Is 88 a factor of 792?
True
Is 50458 a multiple of 30?
False
Is 28703 a multiple of 39?
False
Is 4865 a multiple of 213?
False
Is 38 a factor of 722?
True
Is 47 a factor of 1034?
True
Is 22903 a multiple of 124?
False
Does 7 divide 38452?
False
Is 22 a factor of 16698?
True
Is 15 a factor of 4980?
True
Is 13548 a multiple of 12?
True
Is 179 a factor of 9955?
False
Does 285 divide 117587?
False
Does 37 divide 851?
True
Is 6138 a multiple of 33?
True
Is 3 a factor of 1736?
False
Is 31 a factor of 15252?
True
Is 24 a multiple of 3?
True
Is 3 a factor of 1305?
True
Is 18 a factor of 1134?
True
Does 68 divide 17917?
False
Is 25 a factor of 10348?
False
Is 65578 a multiple of 129?
False
Does 51 divide 36159?
True
Is 3235 a multiple of 94?
False
Does 14 divide 414?
False
Is 2420 a multiple of 6?
False
Is 32 a factor of 652?
False
Is 77 a factor of 3340?
False
Does 50 divide 5650?
True
Is 3 a factor of 562?
False
Does 19 divide 2924?
False
Is 7 a factor of 4089?
False
Does 18 divide 720?
True
Does 114 divide 5586?
True
Is 5956 a multiple of 6?
False
Does 13 divide 9074?
True
Is 20 a factor of 9109?
False
Does 4 divide 393?
False
Is 3467 a multiple of 92?
False
Is 4488 a multiple of 68?
True
Is 26 a factor of 702?
True
Is 997 a multiple of 6?
False
Is 23 a factor of 12029?
True
Is 2584 a multiple of 68?
True
Is 14 a factor of 10931?
False
Does 34 divide 38318?
True
Is 855 a multiple of 34?
False
Is 11066 a multiple of 15?
False
Is 90 a factor of 6555?
False
Is 16 a factor of 10846?
False
Is 51 a factor of 717?
False
Does 22 divide 314?
False
Does 18 divide 1080?
True
Is 944 a multiple of 16?
True
Is 22 a factor of 11006?
False
Is 24 a factor of 8323?
False
Is 157 a factor of 5230?
False
Does 6 divide 1356?
True
Is 29 a factor of 638?
True
Is 14038 a multiple of 12?
False
Does 115 divide 7490?
False
Is 9151 a multiple of 40?
False
Does 28 divide 8512?
True
Is 5 a factor of 33?
False
Is 5605 a multiple of 25?
False
Does 51 divide 2298?
False
Does 58 divide 7308?
True
Is 50 a multiple of 3?
False
Is 21 a factor of 51825?
False
Is 22 a factor of 242?
True
Does 14 divide 20695?
False
Is 9 a factor of 1107?
True
Does 74 divide 7345?
False
Is 1677 a multiple of 11?
False
Does 44 divide 1188?
True
Is 7 a factor of 112?
True
Is 74 a factor of 345?
False
Is 18 a factor of 4572?
True
Is 4433 a multiple of 11?
True
Does 79 divide 1896?
True
Does 66 divide 58441?
False
Does 30 divide 3570?
True
Does 5 divide 130?
True
Is 14 a factor of 23059?
False
Does 24 divide 1520?
False
Is 2255 a multiple of 11?
True
Does 12 divide 138443?
False
Is 18634 a multiple of 7?
True
Is 9 a factor of 9549?
True
Is 124 a factor of 4643?
False
Does 31 divide 1550?
True
Does 16 divide 19212?
False
Is 47 a factor of 705?
True
Is 15978 a multiple of 27?
False
Is 29328 a multiple of 4?
True
Does 38 divide 1938?
True
Is 28744 a multiple of 4?
True
Is 14 a factor of 1456?
True
Does 13 divide 4394?
True
Does 10 divide 44?
False
Is 25 a factor of 22750?
True
Is 18 a factor of 1962?
True
Does 36 divide 1764?
True
Is 201 a factor of 17889?
True
Is 406 a multiple of 97?
False
Does 17 divide 53523?
False
Does 134 divide 23799?
False
Is 87 a factor of 26622?
True
Is 1889 a multiple of 10?
False
Is 869 a multiple of 11?
True
Is 12 a factor of 4440?
True
Does 55 divide 3300?
True
Is 39 a factor of 3412?
False
Is 10 a factor of 4109?
False
Does 72 divide 123696?
True
Does 16 divide 